 + 12. Let q be h(8). Suppose -2*a = -q*a. Suppose 2*l - 3*c - 18 = 0, l - 10 = -a*l + c. Calculate the remainder when 46 is divided by l.
10
Let g = -132 + 212. Suppose -5*r + i = 146, -2*r - 3*i - g = 2*i. What is the remainder when 34 is divided by (1 - (-7)/(-5))*r?
10
Suppose 3*u - 384 = 2*v - 5*v, 4*u = 2*v + 524. Calculate the remainder when u is divided by 19.
16
Suppose 4*h - 20 = 5*t, -3*t + 30 = 2*h - 2. What is the remainder when 18 is divided by h?
8
Suppose -84 = -4*v + 4*m, 0 = -4*v - 5*m - 0*m + 84. What is the remainder when 125 is divided by v?
20
Suppose 61 + 80 = 3*p. What is the remainder when p is divided by 12?
11
Suppose g = 5*g - 36. Suppose 0 = -v - 5*j + 100, -3 = -4*j + g. Let z = -60 + v. What is the remainder when z is divided by 13?
12
Let p(j) = 0 - 42*j - 3 + 2. What is the remainder when p(-1) is divided by 22?
19
Suppose 0*l = -5*l + 30. What is the remainder when l is divided by 3?
0
What is the remainder when 13 is divided by 11 + -13 + 9 + 2?
4
Let n(f) = -f - 4. Suppose -10 = -2*k - p, 5*k + p - 14 = 2*k. Suppose 5*a - k*v = 19, 0 = -3*a + v + 3 + 7. What is the remainder when n(-9) is divided by a?
2
Suppose 0 = 9*m - 7*m - 4. What is the remainder when 5 is divided by m?
1
Suppose 41 = -4*t - 4*h + 381, 3*t - 3*h = 237. What is the remainder when t is divided by 17?
14
Let w(g) = -g**3 - 8*g**2 - g - 1. Calculate the remainder when 27 is divided by w(-8).
6
Suppose -k = -2*k + 2. What is the remainder when 3/(-12) + (-18)/(-8) is divided by k?
0
Suppose 2*j = -3*l + l + 104, -248 = -5*l - 2*j. Suppose 4*y + 2*h - 44 = 0, -4*y + h + l = 2*h. Calculate the remainder when 38 is divided by y.
12
Let b = 27 - 17. What is the remainder when ((-4)/b)/((-2)/190) is divided by 13?
12
Suppose -2*m = 3*m. Calculate the remainder when 19 is divided by 18/2 - 2 - m.
5
Let g(n) = n + 2. Let f be g(0). Let j(y) = y**3 + 3*y**2 + 3*y - 4. Let k be j(-3). Calculate the remainder when (-3 + k)/(f/(-2)) is divided by 6.
4
Suppose 2*m + 3*m - 85 = 0. What is the remainder when 49 is divided by m?
15
Suppose 9*f - 83 = 223. Calculate the remainder when 65 is divided by f.
31
Suppose 0*t + 108 = 2*t. Let f = -14 + 16. Suppose -3*r + 3*a + 42 = 0, 20 + 8 = f*r + 3*a. What is the remainder when t is divided by r?
12
Let k(p) = -6 - 3*p - 2*p + 0*p + 2*p**2. What is the remainder when k(-4) is divided by 12?
10
Let y(g) = -9*g**3 - 4*g**2 - 7*g - 3. What is the remainder when y(-2) is divided by 20?
7
Suppose -5*n + 1125 = 4*n. What is the remainder when n is divided by 43?
39
Let z = -45 + 103. Suppose 3*i - 12 = 0, 2*m + 0*m = 4*i + 8. Calculate the remainder when z is divided by m.
10
Suppose 5*r - l - 89 = -3*l, 5*l = 5*r - 110. Calculate the remainder when 56 is divided by r.
18
Let y = -21 - -3. Let l = y - -42. Suppose 5*t = 45 + 20. What is the remainder when l is divided by t?
11
Let w = -17 - -33. Calculate the remainder when w is divided by 15*-2*(-2)/10.
4
Let v = -39 + 65. Suppose 4*k - 1 - 35 = 0. What is the remainder when v is divided by k?
8
Suppose 6 = -r + 1. Let g(h) = h**3 + 5*h**2 - 3*h - 3. What is the remainder when 35 is divided by g(r)?
11
Suppose 0 = -5*r + 35 + 10. What is the remainder when 23 is divided by r?
5
Let x be -7 + 5 + -2 + -2. Let s = x - -9. Calculate the remainder when 7 is divided by s.
1
Let w = 10 - 6. Suppose -2*m = m + 3*s - 21, 3*s = w*m. Calculate the remainder when 5 is divided by m.
2
Suppose -2*o = -2*q + 50, -6*q = -2*q - 2*o - 90. Calculate the remainder when q is divided by 2.
0
Let p(j) = -j**2 - 6*j - 3. Calculate the remainder when 8 is divided by p(-4).
3
Calculate the remainder when 280 is divided by -94*(-5)/40*4.
45
Suppose 0 = -n - 0*n - 3. Calculate the remainder when (45/n)/(1/(-3)) is divided by 16.
13
Suppose 0 = -o - 7 + 11. Suppose -o*v + 50 = -14. Calculate the remainder when 46 is divided by v.
14
Let b(j) = -18*j - 11. Let z(x) = -9*x - 6. Let p(g) = 3*b(g) - 5*z(g). What is the remainder when p(-3) is divided by 13?
11
Suppose -5*j = -122 - 63. Let i = -24 + j. What is the remainder when 51 is divided by i?
12
Let m(f) = 4*f**3 - 2*f**2 + 2*f - 1. Let i be m(1). Suppose i*w = 21 + 12. Let n(u) = -u**2 + 11*u + 2. Calculate the remainder when n(6) is divided by w.
10
Suppose 10*v - 15 = 5*v. Suppose -4*c = -v*c + 4. Let s = 6 + c. What is the remainder when 3 is divided by s?
1
Let x(j) = -21*j - 5. What is the remainder when x(-3) is divided by 21?
16
Let t(x) = -x + 21. Calculate the remainder when t(-18) is divided by 10.
9
Suppose -4*t = -t - 75. Calculate the remainder when t is divided by 3 + (-2)/(-4)*20.
12
Suppose 3*i = q - 29, -2*q + 25 + 8 = -i. What is the remainder when 64 is divided by q?
8
Suppose n + 13 = r + 2*n, 0 = 5*r + 4*n - 62. Suppose -3*z - 1 + r = 0. Suppose 2*u = z + 7. What is the remainder when 14 is divided by u?
4
Let v be (-6)/(-3)*(0 - -2). Let y be 65/(-10)*v/2. Let c = y + 24. Calculate the remainder when 20 is divided by c.
9
Let z = 15 - 11. Suppose -4*o - z*l = -0*l - 56, -3*o - 4*l + 41 = 0. Calculate the remainder when 29 is divided by o.
14
Suppose 3*r = 12, 4*f - 54 = -2*r + 46. Calculate the remainder when 80 is divided by f.
11
Suppose -4*w = -0*w + 32. Suppose -5*m = -41 - 39. What is the remainder when 2/w - (-125)/4 is divided by m?
15
Suppose -147 + 7 = -14*q. Calculate the remainder when 39 is divided by q.
9
Let z(x) = 2*x**3 - 2*x**2 - 3*x + 4. Let y(w) = -w**3 - w + 1. Let a(j) = -4*y(j) + z(j). What is the remainder when 14 is divided by a(1)?
4
Suppose -4*j + 40 = 2*h - j, -4*j + 107 = 5*h. Calculate the remainder when h is divided by 7.
2
Suppose 24 = 2*l - w - w, -4*w = -5*l + 63. What is the remainder when 28 is divided by l?
13
Let i(j) = -j**2 + 10*j + 12. Let u be i(9). Suppose 4*a - u = 47. What is the remainder when 48 is divided by a?
14
Let j = 8 - -9. Calculate the remainder when 29 is divided by j.
12
Let d(s) = -7*s**2 + 2*s + 4. Let g be d(4). Calculate the remainder when 48 is divided by 7/21 - g/6.
14
Suppose 4*s + 19 = 5*s - 3*h, 15 = -3*h. What is the remainder when 7 is divided by s?
3
Let p(i) = -i - 2. Let h be (-30)/(-3) - 0/1. Calculate the remainder when (5/h)/(1/2) is divided by p(-3).
0
Suppose -7*y = 9*y - 272. Calculate the remainder when 65 is divided by y.
14
Suppose 3*g = g + 28. Let c = 30 + -5. Calculate the remainder when c is divided by g.
11
Suppose -29 - 11 = -5*u. Suppose 4*g + g = 95. Calculate the remainder when 2/u - (-446)/8 is divided by g.
18
Suppose -l - 2*h - 14 = -6, -5*l + 4*h = -16. Suppose -4*g + z + 10 = 0, l*g + 5*g - 8 = -z. What is the remainder when g is divided by 1?
0
Calculate the remainder when (1/(-2))/((-1)/22) is divided by 6.
5
Suppose -o + 3*o = 88. What is the remainder when o is divided by 15?
14
Suppose -3 = -4*p + 5. Let z = p + 7. Let c = -8 + 13. What is the remainder when z is divided by c?
4
Suppose 3*o - 10 = 2. Let w be o/(-18) - (-2)/9. Suppose w = 2*x + 3*x - 25. Calculate the remainder when x is divided by 2.
1
Let x = -17 - -21. Suppose 4*w = -x, 3*r = 2*r + 4*w + 18. What is the remainder when 1 + 1/((-1)/(-54)) is divided by r?
13
Suppose s + 5 = -5*a, -8 = 4*a - 0. Suppose 4*n - 2 = 6. What is the remainder when s is divided by n?
1
Let v be ((-2)/(-1) - 2) + -2. Let g be (-2)/(1/2*v). Suppose g*j = 3*j - 9. Calculate the remainder when j is divided by 5.
4
Let j = -53 + 95. Calculate the remainder when 209 is divided by j.
41
Suppose -4*m + 8 + 4 = 0, 4*m = -4*n + 436. What is the remainder when n is divided by 27?
25
Suppose -62 = 5*x - 187. What is the remainder when x is divided by 14?
11
Let r be (-124)/((-3)/3) + 1. Let a = r - 184. Let l = -12 - a. Calculate the remainder when l is divided by 16.
15
Let y(b) = 3*b**2 + 5*b + 4. What is the remainder when y(-4) is divided by 9?
5
Suppose -o = -0*o - 5. Suppose 2*z = 2*j - 4, -5*z = o*j - z - 46. Calculate the remainder when 16 is divided by j.
4
Let f be -3*(-4)/(4/3). Suppose 4*o - 205 = -f*p + 4*p, 2*p = o + 69. Calculate the remainder when p is divided by (-2)/((2/(-13))/1).
11
Let j = 9 - 7. Suppose 12 + 14 = j*d. Calculate the remainder when 23 is divided by d.
10
Let u = 4 + 3. Suppose -2*z + 304 = 2*z. Suppose 5*a - z = a. What is the remainder when a is di